{"id":74,"date":"2022-03-21T00:40:22","date_gmt":"2022-03-21T06:40:22","guid":{"rendered":"https:\/\/so.com.gt\/sitio\/services\/"},"modified":"2022-03-21T17:25:58","modified_gmt":"2022-03-21T23:25:58","slug":"consultoria","status":"publish","type":"page","link":"https:\/\/so.com.gt\/sitio\/servicios\/consultoria\/","title":{"rendered":"Consultor\u00eda"},"content":{"rendered":"\n\n\n\n\n\n\n\n\n\n\n\n\n\n<p>Nuestro equipo de consultores tiene el conocimiento y la experiencia para orientar y ayudar en el logro de los objetivos m\u00e1s diversos en informatizaci\u00f3n, sistematizaci\u00f3n y automatizaci\u00f3n de organizaciones de cualquier giro.&nbsp;<\/p>\n<p><span style=\"text-align: center;\">Nuestro slogan: \u00abnuestra especialidad es la inform\u00e1tica\u00bb significa que podemos ayudarte e, conscientes&nbsp;del alto grado de especializaci\u00f3n y las diferentes competencias y habilidades que hoy por hoy demanda el desarrollo, puesta en marcha, operaci\u00f3n y mantenimiento de sistemas y la infraestructura que los soporta.&nbsp;<\/span><br><\/p>\n\n\n<p>Tienes un equipo inform\u00e1tico, pero no cuentas con un especialista en un \u00e1rea determinada y tu demanda no justifica una contrataci\u00f3n, <strong>\u00a1Somos tu soluci\u00f3n!<\/strong><\/p>\n<p>No tienes un equipo inform\u00e1tico y tu organizaci\u00f3n necesita encontrar una soluci\u00f3n a alg\u00fan problema espec\u00edfico o tiene dificultades para comunicarse efectivamente con proveedores de servicios t\u00e9cnicos, <strong>\u00a1Somos tu soluci\u00f3n!<\/strong><\/p>\n\n\n<ul><li>Levantado de requerimientos<\/li><li>Escritura y validaci\u00f3n de especificaciones<\/li><li>Planteamiento de proyectos y licitaciones<\/li><li>Supervisi\u00f3n y validaci\u00f3n de cumplimiento<\/li><li>Optimizaci\u00f3n del desempe\u00f1o<\/li><li>Optimizaci\u00f3n funcional<\/li><\/ul>\n\n\n<ul><li>Instalaci\u00f3n y configuraci\u00f3n<\/li><li>Alta disponibilidad<\/li><li>Balanceo de carga<\/li><li>Optimizaci\u00f3n del desempe\u00f1o<\/li><li>Dise\u00f1o, normalizaci\u00f3n<\/li><li>Distribuci\u00f3n<\/li><li>Miner\u00eda de datos<\/li><li>Auditor\u00eda de consistencia<\/li><\/ul>\n\n\n<ul><li>Instalaci\u00f3n<\/li><li>Mantenimiento<\/li><li>Soluci\u00f3n de problemas<\/li><li>Seguridad l\u00f3gica<\/li><\/ul>\n\n\n\n\n\n\n\n\n\n\n<h4>Ahorra tiempo, dinero y problemas<\/h4>\n<p>Elegir al equipo correcto es crucial para ejecutar cualquier proyecto en tiempo y dentro del presupuesto. El logro de los objetivos depende de la pericia y exactitud de quienes integran el equipo. Tenemos especialistas con experiencia que trabajan hombro a hombro para alcanzar los objetivos con excelencia.<\/p>\n\n\n\nEn tiempo\nDentro del presupuesto\n\n\n\n\nGarant\u00eda funcional\nPericia t\u00e9cnica\n\n\n\n\n\n\n\n\n\n\n\n<h4>Con precisi\u00f3n quir\u00fargica<\/h4>\n<p>Somos especialistas en la soluci\u00f3n de problemas. Trabajamos con precisi\u00f3n para optimizar la producci\u00f3n de software, redes y servicios inform\u00e1ticos.<\/p>\n<p> Nuestros desarrollos y soluciones son validados y crtificados.<\/p>\n\n\n","protected":false},"excerpt":{"rendered":"","protected":false},"author":1,"featured_media":0,"parent":24,"menu_order":0,"comment_status":"closed","ping_status":"closed","template":"","meta":{"_monsterinsights_skip_tracking":false,"_monsterinsights_sitenote_active":false,"_monsterinsights_sitenote_note":"","_monsterinsights_sitenote_category":0,"footnotes":""},"class_list":["post-74","page","type-page","status-publish","hentry"],"_links":{"self":[{"href":"https:\/\/so.com.gt\/sitio\/wp-json\/wp\/v2\/pages\/74","targetHints":{"allow":["GET"]}}],"collection":[{"href":"https:\/\/so.com.gt\/sitio\/wp-json\/wp\/v2\/pages"}],"about":[{"href":"https:\/\/so.com.gt\/sitio\/wp-json\/wp\/v2\/types\/page"}],"author":[{"embeddable":true,"href":"https:\/\/so.com.gt\/sitio\/wp-json\/wp\/v2\/users\/1"}],"replies":[{"embeddable":true,"href":"https:\/\/so.com.gt\/sitio\/wp-json\/wp\/v2\/comments?post=74"}],"version-history":[{"count":5,"href":"https:\/\/so.com.gt\/sitio\/wp-json\/wp\/v2\/pages\/74\/revisions"}],"predecessor-version":[{"id":103,"href":"https:\/\/so.com.gt\/sitio\/wp-json\/wp\/v2\/pages\/74\/revisions\/103"}],"up":[{"embeddable":true,"href":"https:\/\/so.com.gt\/sitio\/wp-json\/wp\/v2\/pages\/24"}],"wp:attachment":[{"href":"https:\/\/so.com.gt\/sitio\/wp-json\/wp\/v2\/media?parent=74"}],"curies":[{"name":"wp","href":"https:\/\/api.w.org\/{rel}","templated":true}]}}